29 - 23. Calculate the greatest common divisor of q and 48.
6
Let p(b) = 16*b**2 + 1. Let x be p(-1). Let r = -24 + x. Let w be (-14)/(-49) + (-75)/r. What is the greatest common divisor of w and 88?
11
Let l = 16 - 10. Calculate the highest common divisor of 9 and l.
3
Let p(v) = -1 + v**3 - 2*v**2 - 54*v + 4 + 49*v. Let a(s) = s + 3. Let m be a(3). Let x be p(m). What is the highest common divisor of x and 13?
13
Let n(f) = f**2 + 3*f - 1. Let o be n(-5). Let c = o - 0. Calculate the highest common divisor of c and 27.
9
Let u = 6 + -6. Suppose u = -2*q - 34 + 122. Suppose -4*r = -q + 12. Calculate the greatest common factor of r and 24.
8
Let g(u) = -u**3 - 5*u**2 - 5*u. Suppose -2*m = m - 3. Let y = m - 5. Let d be g(y). What is the greatest common factor of 10 and d?
2
Suppose -2*c + 42 = -4*c. Let y be ((-18)/c)/((-2)/(-14)). Calculate the greatest common factor of y and 6.
6
Let d be -1*(-1 - (-2)/1). Let x be d + 0 - (-12)/2. Suppose -k = x, u - 315 = -4*u - k. What is the greatest common factor of 8 and u?
8
Suppose 4*s = 3*m + 105, 4*s = 3*s + 4*m + 10. Suppose 6 = -w + 2*w. Calculate the highest common divisor of s and w.
6
Suppose 0 = 7*t - 63 - 21. What is the greatest common divisor of 24 and t?
12
Suppose -4*m = -1 - 887. Suppose l - m = -2*l - 2*a, 3*a - 225 = -3*l. Let p = 7 + 1. What is the highest common factor of p and l?
8
Let v(w) be the third derivative of w**4/6 - 4*w**2. Let p be v(1). Let y be (-2)/(-3) + 376/12. Calculate the greatest common factor of p and y.
4
Let y = 51 + -35. Calculate the highest common divisor of 8 and y.
8
Suppose -5*x + 56 - 21 = 0. Calculate the highest common divisor of 7 and x.
7
Let u(o) = 2*o**2 - 4*o - 16. Let d be u(8). Calculate the highest common divisor of 16 and d.
16
Suppose -262 = -0*i - 2*i - 4*g, 4*i = 3*g + 469. What is the highest common factor of 11 and i?
11
Let z be (-5 - (-23)/3)*(23 - -1). Calculate the greatest common divisor of 16 and z.
16
Let g(i) = 15*i**3 - 3*i**2 + 4*i + 4. Let q be g(2). Calculate the highest common factor of 24 and q.
24
Let r = -8 + 23. What is the highest common divisor of r and 120?
15
Suppose 27 - 2 = -5*y. Let a(b) = -b**2 + 6*b. Let q be a(3). Let g = y + q. Calculate the highest common factor of 20 and g.
4
Let o(m) = 3*m. Let n be o(5). Suppose -2*d - 3*d - 2*p - 8 = 0, -2*p - 2 = 2*d. Let h be ((-165)/d)/(1/2). What is the highest common divisor of h and n?
15
Let j be 12*(-2 - 15 - 0). Let g be (-2)/7 - j/28. What is the greatest common divisor of g and 21?
7
Let q be (-30)/((-3)/6*3). Suppose -2*u - 19 = -9*d + 4*d, -5*u + 20 = d. Suppose d*y - 3*p = 506, 1 - 11 = 5*p. What is the highest common factor of y and q?
20
Let o = -31 + 130. Calculate the highest common factor of 9 and o.
9
Let u(t) = -71*t + 1. Let j be u(1). Let p = -40 - j. Let r be -2 - (2 - -2)*-2. What is the highest common divisor of p and r?
6
Let o be ((-1)/(-3))/(1/33). Calculate the greatest common divisor of o and 110.
11
Let l(h) = -h**3 - 14*h**2 + 30*h + 5. Let q be l(-16). What is the highest common divisor of 185 and q?
37
Suppose -2*u + 186 = u - 3*c, 0 = -2*u - 3*c + 114. Suppose o = 4*o - u. Calculate the highest common factor of o and 5.
5
Let n(c) = -c**3 + 9*c**2 - 8*c + 8. Let q be n(7). Suppose -5*v - h = -4*h - 103, 0 = -h - 1. What is the highest common factor of q and v?
10
Suppose -4*d = -0*d + 2*q - 62, -d = -q - 23. Let r = -6 + d. Suppose 2*v + 0*v + 32 = c, 0 = -3*c - 4*v + 56. What is the greatest common divisor of r and c?
12
Let h(i) = 45*i**2 + 3*i + 3. Let x be h(-1). What is the highest common factor of 15 and x?
15
Suppose -7*f + 768 = 9*f. Calculate the highest common divisor of f and 12.
12
Let n(p) = -p**3 - 5*p**2 + 6*p + 8. Let m be n(-6). Calculate the highest common factor of 8 and m.
8
Let d(f) = 2*f + 26. Let h be d(-11). What is the highest common factor of h and 6?
2
Suppose 334 = 2*u + 26. What is the highest common factor of u and 14?
14
Let p be ((-6)/(-4))/(9/30). Let b(a) = -a**3 + 8*a**2 + 3*a + 2. Let r be b(p). Calculate the greatest common factor of 23 and r.
23
Let f be ((-16)/24)/(-2) + (-8)/(-3). Calculate the highest common divisor of f and 15.
3
Suppose 61 = 3*y - 4*o, -o = 2*y - y - 32. What is the greatest common factor of y and 27?
27
Suppose 0 = 4*c + 4*z - 32, -2*z - 5 = 3. Calculate the highest common factor of 96 and c.
12
Let f be (-120)/(-3) + (-1 - -1). Let r = -6 - -22. What is the highest common factor of r and f?
8
Let x be (-2)/(-4)*-187*2. Let r = x - -331. Let n = 35 + -19. What is the highest common divisor of r and n?
16
Suppose 3*l + 0*o - 9 = 2*o, 2*l + 2*o = -4. Calculate the highest common factor of l and 3.
1
Let n = -61 - -112. Calculate the highest common factor of n and 34.
17
Suppose 4*y + y = 0. Suppose 3*q + 4*j = -0*q + 428, y = -2*q - j + 287. What is the greatest common factor of q and 16?
16
Let s be 37/(-2)*(-5 + 3). Calculate the highest common divisor of s and 333.
37
Suppose d + 2*d - 285 = r, -4*r - 3*d = 1065. Let m be (8/10)/((-3)/r). What is the greatest common factor of m and 8?
8
Let i be 2/((-4)/11)*-2. Let c = -3 + 0. Let m(v) = 6*v**2 + v + 4. Let g be m(c). What is the greatest common divisor of i and g?
11
Suppose -4*r - 9 = -7*r. Suppose 0 = r*a - 6*a + 456. What is the highest common divisor of a and 19?
19
Let m be (4/(-4))/((-1)/(-11)). Let x = -7 - m. Suppose 350 = x*y + y. Calculate the greatest common divisor of 10 and y.
10
Let x(r) = 1. Let c(q) = -q + 4. Let v(g) = -c(g) + 2*x(g). Let j be v(5). Calculate the greatest common factor of 1 and j.
1
Let d = 9 + 13. Calculate the greatest common divisor of 11 and d.
11
Let y = 234 + -149. What is the greatest common factor of y and 17?
17
Suppose 2*n + 0*n = -5*q + 204, -4*n - 152 = -4*q. Let s be 2*(-3)/(-6) - -2. Let a = 5 + s. Calculate the greatest common factor of a and q.
8
Suppose 0 = -4*w + k + 10 - 5, 5*w + 4*k - 22 = 0. Let s be 2640/21 + w/7. Let l = 0 + 18. Calculate the greatest common factor of l and s.
18
Suppose -3*o = -8*o + 325. Calculate the highest common divisor of o and 26.
13
Let f(i) = -i + 12. Let j be f(5). What is the greatest common divisor of j and 35?
7
Let a = 7 + -4. Suppose 3*b - 2*m = 26, -a*b = -b + 4*m + 4. Suppose -3*c + 3*l + 3 = -2*c, 4*c + 2*l = 12. What is the highest common factor of c and b?
3
Let u(d) = 8*d + 14. Let s be u(8). What is the highest common factor of s and 13?
13
Let j = 15 - 11. Suppose 8*g - 4*g + 2*c - 52 = 0, -4*g = j*c - 56. What is the highest common divisor of 18 and g?
6
Suppose j - 2*j + 2 = 0. What is the highest common divisor of j and 2?
2
Let w(y) = y**3 - 7*y**2 + 2*y - 10. Let b be w(7). Suppose -5*p = b + 16. Let n be (-42)/p*(-12)/(-9). Calculate the highest common divisor of n and 14.
14
Let j(y) = -2*y - 1. Let n be j(1). Let u = -2 - n. Calculate the highest common factor of u and 8.
1
Let i(r) = 3*r**2 - 3*r + 8. Let v be i(5). Calculate the greatest common divisor of 102 and v.
34
Let r = -22 + 22. Suppose 4*s - 288 = -r*s. What is the greatest common divisor of 9 and s?
9
Let z be (4/(-2))/(14/(-91)). What is the greatest common factor of 65 and z?
13
Let z be 77 - 0*1/(-2). Calculate the greatest common factor of z and 7.
7
Suppose 5*d + 4*j = 100, -5*j + 13 + 28 = d. Let q be (-2)/5 - 11/((-220)/3208). Calculate the highest common factor of d and q.
16
Let c(i) = -3*i + 14. Let v be c(-10). Let a(u) = -u**2 + 9*u - 10. Let h be a(7). What is the highest common factor of v and h?
4
Suppose -4*k + 21 = -k. Let f = k + -10. Let r = f - -10. What is the highest common divisor of r and 1?
1
Suppose 3*n = o - 13, -n - 2*o + 0*o - 16 = 0. Let v be (-23 + 0)/(n - -5). What is the highest common divisor of 161 and v?
23
Suppose w - 6*w = -80. Calculate the greatest common divisor of 80 and w.
16
Let i(s) = -3*s. Suppose -w = w + 6. Let y be i(w). What is the highest common factor of 99 and y?
9
Suppose 2*y - 1 = 23. Suppose -6*n - 2 = -146. Calculate the highest common divisor of n and y.
12
Let u = -21 - -45. What is the greatest common divisor of 48 and u?
24
Suppose 0 = -4*a + 5 + 51. Suppose 4*y - 56 = 392. Suppose -2*h - y = -4*h. What is the highest common divisor of a and h?
14
Suppose 5*r + 2*h - 23 = 21, -h = -3*r + 33. C